{"id":2672,"date":"2013-12-20T10:18:42","date_gmt":"2013-12-20T10:18:42","guid":{"rendered":"http:\/\/royalfamily.dev\/?page_id=2672"},"modified":"2013-12-20T10:18:42","modified_gmt":"2013-12-20T10:18:42","slug":"svetlana-jovanovic-juga-lat","status":"publish","type":"page","link":"https:\/\/royalfamily.org\/lat\/savet-za-botaniku\/svetlana-jovanovic-juga-lat\/","title":{"rendered":"Svetlana Jovanovi\u0107-Juga"},"content":{"rendered":"<div class=\"fusion-fullwidth fullwidth-box fusion-builder-row-1 nonhundred-percent-fullwidth non-hundred-percent-height-scrolling fusion-equal-height-columns\" style=\"--awb-border-radius-top-left:0px;--awb-border-radius-top-right:0px;--awb-border-radius-bottom-right:0px;--awb-border-radius-bottom-left:0px;--awb-padding-right:7%;--awb-padding-left:7%;--awb-flex-wrap:wrap;\" ><div class=\"fusion-builder-row fusion-row\"><div class=\"fusion-layout-column fusion_builder_column fusion-builder-column-0 fusion_builder_column_1_4 1_4 fusion-one-fourth fusion-column-first fusion-no-small-visibility fusion-no-medium-visibility\" style=\"--awb-padding-top:4%;--awb-padding-right:4%;--awb-padding-bottom:4%;--awb-padding-left:4%;--awb-bg-color:#eaeaea;--awb-bg-color-hover:#eaeaea;--awb-bg-size:cover;width:25%;width:calc(25% - ( ( 4% ) * 0.25 ) );margin-right: 4%;\"><div class=\"fusion-column-wrapper fusion-column-has-shadow fusion-flex-column-wrapper-legacy\"><div class=\"fusion-widget-area awb-widget-area-element fusion-widget-area-1 fusion-content-widget-area\" style=\"--awb-background-color:#e8e8e8;--awb-title-color:#333333;--awb-padding:4% 4% 4% 4%;\"><div id=\"text-72\" class=\"widget widget_text\" style=\"border-style: solid;border-color:transparent;border-width:0px;\">\t\t\t<div class=\"textwidget\"><p><a href=\"https:\/\/royalfamily.org\/lat\/savet-za-botaniku\/svetlana-jovanovic-juga-lat\/\">Svetlana Jovanovi\u0107-Juga<\/a><\/p>\n<p><a href=\"https:\/\/royalfamily.org\/lat\/savet-za-botaniku\/mirjana-sijacic-nikolic-lat\/\">Mirjana \u0160ija\u010di\u0107-Nikoli\u0107<\/a><\/p>\n<p><a href=\"https:\/\/royalfamily.org\/lat\/savet-za-botaniku\/dragica-vilotic-lat\/\">Dragica Viloti\u0107<\/a><\/p>\n<\/div>\n\t\t<\/div><div class=\"fusion-additional-widget-content\"><\/div><\/div><div class=\"fusion-clearfix\"><\/div><\/div><\/div><div class=\"fusion-layout-column fusion_builder_column fusion-builder-column-1 fusion_builder_column_3_4 3_4 fusion-three-fourth fusion-column-last\" style=\"--awb-bg-size:cover;--awb-margin-bottom:0px;width:75%;width:calc(75% - ( ( 4% ) * 0.75 ) );\"><div class=\"fusion-column-wrapper fusion-flex-column-wrapper-legacy\"><div class=\"fusion-image-element fusion-image-align-center in-legacy-container\" style=\"text-align:center;--awb-caption-title-font-family:var(--h2_typography-font-family);--awb-caption-title-font-weight:var(--h2_typography-font-weight);--awb-caption-title-font-style:var(--h2_typography-font-style);--awb-caption-title-size:var(--h2_typography-font-size);--awb-caption-title-transform:var(--h2_typography-text-transform);--awb-caption-title-line-height:var(--h2_typography-line-height);--awb-caption-title-letter-spacing:var(--h2_typography-letter-spacing);\"><div class=\"imageframe-align-center\"><span class=\" fusion-imageframe imageframe-none imageframe-1 hover-type-none\"><img decoding=\"async\" width=\"740\" height=\"350\" title=\"s_jovanovic\" src=\"https:\/\/royalfamily.org\/wp-content\/uploads\/2013\/12\/s_jovanovic.jpg\" alt class=\"img-responsive wp-image-2669\" srcset=\"https:\/\/royalfamily.org\/wp-content\/uploads\/2013\/12\/s_jovanovic-300x141.jpg 300w, https:\/\/royalfamily.org\/wp-content\/uploads\/2013\/12\/s_jovanovic-500x236.jpg 500w, https:\/\/royalfamily.org\/wp-content\/uploads\/2013\/12\/s_jovanovic-700x331.jpg 700w, https:\/\/royalfamily.org\/wp-content\/uploads\/2013\/12\/s_jovanovic.jpg 740w\" sizes=\"(max-width: 740px) 100vw, 740px\" \/><\/span><\/div><\/div><div class=\"fusion-sep-clear\"><\/div><div class=\"fusion-separator fusion-full-width-sep\" style=\"margin-left: auto;margin-right: auto;margin-top:3%;width:100%;\"><\/div><div class=\"fusion-sep-clear\"><\/div><div class=\"fusion-text fusion-text-1\"><p style=\"text-align: justify;\">Ro\u0111ena 10.03.1949. god. u Ban. Subotici. Zavr\u0161ila osnovnu \u0161kolu i gimnaziju \u00a0u Beloj Crkvi, a \u0160umarski fakultet Univerziteta u Beogradu, odsek za pejza\u017enu hortikulturu zavr\u0161ila \u00a0u Beogradu. Magistrirala \u00a01996. god. u Centru za multidisciplinarne studije Univerziteta u Beogradu, smer Za\u0161tite i unapre\u0111ivanja \u017eivotne okoline, sa temom: Taksonomsko &#8211; horolo\u0161ka analiza postoje\u0107e i perspektivne dendroflore \u00a0(drve\u0107a i \u017ebunja) Botani\u010dke ba\u0161te \u00a0\u201eJevremovac\u201c.<\/p>\n<p style=\"text-align: justify;\">Od 1975. g. \u00a0zaposlena kao biv\u0161i stipendista u Beloj Crkvi na du\u017enosti \u00a0rukovodioca za \u00a0odr\u017eavanje i ure\u0111enje postoje\u0107ih i izgradnji novih zelenih povr\u0161ina. Dobila je vi\u0161e javnih priznanja za aktivnosti na unapre\u0111enju gradskog zelenila i organizovanju brojnih izlo\u017ebi cve\u0107a.<\/p>\n<p style=\"text-align: justify;\">Od 1988. g. zaposlena na Biolo\u0161kom fakultetu, u Institutu za botaniku i Botani\u010dkoj ba\u0161ti \u201eJevremovac\u201c, kao Stru\u010dni rukovodilac Botani\u010dke ba\u0161te, kasnije kao stru\u010dni saradnik za otvoren prostor, \u00a0za dendrofloru, na kome se i danas nalazi. Na ovom radnom mestu intenzivno je radila na odr\u017eavanju i negovanju biljaka, determinaciji i oboga\u0107ivanju biljnog fonda. Svojim radom i organizovanjem mnogobrojnih donacija u biljnom fondu udvostru\u010dila je \u00a0dendrofond Botani\u010dke ba\u0161te \u201eJevremovac\u201c.<\/p>\n<p style=\"text-align: justify;\">Autor je prvog Vodi\u010da kroz dendrofloru Botani\u010dke ba\u0161te \u201eJevremovac\u201c, 2005.g. kao i Manuala determinacije i valorizacije dendroflore Botani\u010dke ba\u0161te \u201eJevremovac\u201c, 2011.g. To su prvi radovi \u00a0te vrste i tog sadr\u017eaja od postanka \u201eJevremovca\u201c (1889.g.) do danas. \u00a0Autor je \u0161est objavljenih nau\u010dnih radova i vi\u0161e desetina stru\u010dnih.<\/p>\n<\/div><div class=\"fusion-widget-area awb-widget-area-element fusion-widget-area-2 fusion-content-widget-area fusion-no-large-visibility\" style=\"--awb-background-color:#e8e8e8;--awb-title-color:#333333;--awb-padding:4% 4% 4% 4%;\"><div id=\"text-72\" class=\"widget widget_text\" style=\"border-style: solid;border-color:transparent;border-width:0px;\">\t\t\t<div class=\"textwidget\"><p><a href=\"https:\/\/royalfamily.org\/lat\/savet-za-botaniku\/svetlana-jovanovic-juga-lat\/\">Svetlana Jovanovi\u0107-Juga<\/a><\/p>\n<p><a href=\"https:\/\/royalfamily.org\/lat\/savet-za-botaniku\/mirjana-sijacic-nikolic-lat\/\">Mirjana \u0160ija\u010di\u0107-Nikoli\u0107<\/a><\/p>\n<p><a href=\"https:\/\/royalfamily.org\/lat\/savet-za-botaniku\/dragica-vilotic-lat\/\">Dragica Viloti\u0107<\/a><\/p>\n<\/div>\n\t\t<\/div><div class=\"fusion-additional-widget-content\"><\/div><\/div><div class=\"fusion-sep-clear\"><\/div><div class=\"fusion-separator fusion-no-large-visibility fusion-full-width-sep\" style=\"margin-left: auto;margin-right: auto;width:100%;\"><div class=\"fusion-separator-border sep-double\" style=\"--awb-height:20px;--awb-amount:20px;border-color:#e0dede;border-top-width:1px;border-bottom-width:1px;\"><\/div><\/div><div class=\"fusion-sep-clear\"><\/div><div class=\"fusion-clearfix\"><\/div><\/div><\/div><div class=\"fusion-layout-column fusion_builder_column fusion-builder-column-2 fusion_builder_column_1_1 1_1 fusion-one-full fusion-column-first fusion-column-last fusion-column-no-min-height\" style=\"--awb-bg-color:#ffffff;--awb-bg-color-hover:#ffffff;--awb-bg-size:cover;\"><div class=\"fusion-column-wrapper fusion-column-has-shadow fusion-flex-column-wrapper-legacy\"><div class=\"fusion-sharing-box fusion-sharing-box-1 has-taglines layout-floated layout-medium-floated layout-small-floated\" style=\"background-color:#f6f6f6;--awb-layout:row;--awb-alignment-small:space-between;\" data-title=\"Svetlana Jovanovi\u0107-Juga\" data-description=\"Ro\u0111ena 10.03.1949. god. u Ban. Subotici. Zavr\u0161ila osnovnu \u0161kolu i gimnaziju \u00a0u Beloj Crkvi, a \u0160umarski fakultet Univerziteta u Beogradu, odsek za pejza\u017enu hortikulturu zavr\u0161ila \u00a0u Beogradu. Magistrirala \u00a01996. god. u Centru za multidisciplinarne studije Univerziteta u Beogradu, smer Za\u0161tite i unapre\u0111ivanja \u017eivotne okoline, sa temom: Taksonomsko - horolo\u0161ka analiza\" data-link=\"https:\/\/royalfamily.org\/lat\/botanical-council\/svetlana-jovanovic-juga-lat\/\"><h4 class=\"tagline\" style=\"color:#333333;\">Podelite ovaj \u010dlanak:<\/h4><div class=\"fusion-social-networks sharingbox-shortcode-icon-wrapper sharingbox-shortcode-icon-wrapper-1\"><span><a href=\"https:\/\/www.facebook.com\/sharer.php?u=https%3A%2F%2Froyalfamily.org%2Flat%2Fbotanical-council%2Fsvetlana-jovanovic-juga-lat%2F&amp;t=Svetlana%20Jovanovi%C4%87-Juga\" target=\"_blank\" rel=\"noreferrer nofollow\" title=\"Facebook\" aria-label=\"Facebook\" data-placement=\"top\" data-toggle=\"tooltip\" data-title=\"Facebook\"><i class=\"fusion-social-network-icon fusion-tooltip fusion-facebook awb-icon-facebook\" style=\"color:#2b59ff;\" aria-hidden=\"true\"><\/i><\/a><\/span><span><a href=\"https:\/\/x.com\/intent\/post?text=Svetlana%20Jovanovi%C4%87-Juga&amp;url=https%3A%2F%2Froyalfamily.org%2Flat%2Fbotanical-council%2Fsvetlana-jovanovic-juga-lat%2F\" target=\"_blank\" rel=\"noopener noreferrer nofollow\" title=\"X\" aria-label=\"X\" data-placement=\"top\" data-toggle=\"tooltip\" data-title=\"X\"><i class=\"fusion-social-network-icon fusion-tooltip fusion-twitter awb-icon-twitter\" style=\"color:#2b59ff;\" aria-hidden=\"true\"><\/i><\/a><\/span><span><a href=\"https:\/\/reddit.com\/submit?url=https%3A%2F%2Froyalfamily.org%2Flat%2Fbotanical-council%2Fsvetlana-jovanovic-juga-lat%2F&amp;title=Svetlana%20Jovanovi%C4%87-Juga\" target=\"_blank\" rel=\"noopener noreferrer nofollow\" title=\"Reddit\" aria-label=\"Reddit\" data-placement=\"top\" data-toggle=\"tooltip\" data-title=\"Reddit\"><i class=\"fusion-social-network-icon fusion-tooltip fusion-reddit awb-icon-reddit\" style=\"color:#2b59ff;\" aria-hidden=\"true\"><\/i><\/a><\/span><span><a href=\"https:\/\/www.linkedin.com\/shareArticle?mini=true&amp;url=https%3A%2F%2Froyalfamily.org%2Flat%2Fbotanical-council%2Fsvetlana-jovanovic-juga-lat%2F&amp;title=Svetlana%20Jovanovi%C4%87-Juga&amp;summary=Ro%C4%91ena%2010.03.1949.%20god.%20u%20Ban.%20Subotici.%20Zavr%C5%A1ila%20osnovnu%20%C5%A1kolu%20i%20gimnaziju%20%C2%A0u%20Beloj%20Crkvi%2C%20a%20%C5%A0umarski%20fakultet%20Univerziteta%20u%20Beogradu%2C%20odsek%20za%20pejza%C5%BEnu%20hortikulturu%20zavr%C5%A1ila%20%C2%A0u%20Beogradu.%20Magistrirala%20%C2%A01996.%20god.%20u%20Centru%20za%20multidisciplinarne%20studije%20Univerziteta%20u%20Beogradu%2C%20smer%20Za%C5%A1tite%20i%20unapre%C4%91ivanja%20%C5%BEivotne%20okoline%2C%20sa%20temom%3A%20Taksonomsko%20-%20horolo%C5%A1ka%20analiza\" target=\"_blank\" rel=\"noopener noreferrer nofollow\" title=\"LinkedIn\" aria-label=\"LinkedIn\" data-placement=\"top\" data-toggle=\"tooltip\" data-title=\"LinkedIn\"><i class=\"fusion-social-network-icon fusion-tooltip fusion-linkedin awb-icon-linkedin\" style=\"color:#2b59ff;\" aria-hidden=\"true\"><\/i><\/a><\/span><span><a href=\"https:\/\/api.whatsapp.com\/send?text=https%3A%2F%2Froyalfamily.org%2Flat%2Fbotanical-council%2Fsvetlana-jovanovic-juga-lat%2F\" target=\"_blank\" rel=\"noopener noreferrer nofollow\" title=\"WhatsApp\" aria-label=\"WhatsApp\" data-placement=\"top\" data-toggle=\"tooltip\" data-title=\"WhatsApp\"><i class=\"fusion-social-network-icon fusion-tooltip fusion-whatsapp awb-icon-whatsapp\" style=\"color:#2b59ff;\" aria-hidden=\"true\"><\/i><\/a><\/span><span><a href=\"https:\/\/www.tumblr.com\/share\/link?url=https%3A%2F%2Froyalfamily.org%2Flat%2Fbotanical-council%2Fsvetlana-jovanovic-juga-lat%2F&amp;name=Svetlana%20Jovanovi%C4%87-Juga&amp;description=Ro%C4%91ena%2010.03.1949.%20god.%20u%20Ban.%20Subotici.%20Zavr%C5%A1ila%20osnovnu%20%C5%A1kolu%20i%20gimnaziju%20%C2%A0u%20Beloj%20Crkvi%2C%20a%20%C5%A0umarski%20fakultet%20Univerziteta%20u%20Beogradu%2C%20odsek%20za%20pejza%C5%BEnu%20hortikulturu%20zavr%C5%A1ila%20%C2%A0u%20Beogradu.%20Magistrirala%20%C2%A01996.%20god.%20u%20Centru%20za%20multidisciplinarne%20studije%20Univerziteta%20u%20Beogradu%2C%20smer%20Za%C5%A1tite%20i%20unapre%C4%91ivanja%20%C5%BEivotne%20okoline%2C%20sa%20temom%3A%20Taksonomsko%20-%20horolo%C5%A1ka%20analiza\" target=\"_blank\" rel=\"noopener noreferrer nofollow\" title=\"Tumblr\" aria-label=\"Tumblr\" data-placement=\"top\" data-toggle=\"tooltip\" data-title=\"Tumblr\"><i class=\"fusion-social-network-icon fusion-tooltip fusion-tumblr awb-icon-tumblr\" style=\"color:#2b59ff;\" aria-hidden=\"true\"><\/i><\/a><\/span><span><a href=\"https:\/\/pinterest.com\/pin\/create\/button\/?url=https%3A%2F%2Froyalfamily.org%2Flat%2Fbotanical-council%2Fsvetlana-jovanovic-juga-lat%2F&amp;description=Ro%C4%91ena%2010.03.1949.%20god.%20u%20Ban.%20Subotici.%20Zavr%C5%A1ila%20osnovnu%20%C5%A1kolu%20i%20gimnaziju%20%C2%A0u%20Beloj%20Crkvi%2C%20a%20%C5%A0umarski%20fakultet%20Univerziteta%20u%20Beogradu%2C%20odsek%20za%20pejza%C5%BEnu%20hortikulturu%20zavr%C5%A1ila%20%C2%A0u%20Beogradu.%20Magistrirala%20%C2%A01996.%20god.%20u%20Centru%20za%20multidisciplinarne%20studije%20Univerziteta%20u%20Beogradu%2C%20smer%20Za%C5%A1tite%20i%20unapre%C4%91ivanja%20%C5%BEivotne%20okoline%2C%20sa%20temom%3A%20Taksonomsko%20-%20horolo%C5%A1ka%20analiza&amp;media=\" target=\"_blank\" rel=\"noopener noreferrer nofollow\" title=\"Pinterest\" aria-label=\"Pinterest\" data-placement=\"top\" data-toggle=\"tooltip\" data-title=\"Pinterest\"><i class=\"fusion-social-network-icon fusion-tooltip fusion-pinterest awb-icon-pinterest\" style=\"color:#2b59ff;\" aria-hidden=\"true\"><\/i><\/a><\/span><span><a href=\"https:\/\/vkontakte.ru\/share.php?url=https%3A%2F%2Froyalfamily.org%2Flat%2Fbotanical-council%2Fsvetlana-jovanovic-juga-lat%2F&amp;title=Svetlana%20Jovanovi%C4%87-Juga&amp;description=Ro%C4%91ena%2010.03.1949.%20god.%20u%20Ban.%20Subotici.%20Zavr%C5%A1ila%20osnovnu%20%C5%A1kolu%20i%20gimnaziju%20%C2%A0u%20Beloj%20Crkvi%2C%20a%20%C5%A0umarski%20fakultet%20Univerziteta%20u%20Beogradu%2C%20odsek%20za%20pejza%C5%BEnu%20hortikulturu%20zavr%C5%A1ila%20%C2%A0u%20Beogradu.%20Magistrirala%20%C2%A01996.%20god.%20u%20Centru%20za%20multidisciplinarne%20studije%20Univerziteta%20u%20Beogradu%2C%20smer%20Za%C5%A1tite%20i%20unapre%C4%91ivanja%20%C5%BEivotne%20okoline%2C%20sa%20temom%3A%20Taksonomsko%20-%20horolo%C5%A1ka%20analiza\" target=\"_blank\" rel=\"noopener noreferrer nofollow\" title=\"Vk\" aria-label=\"Vk\" data-placement=\"top\" data-toggle=\"tooltip\" data-title=\"Vk\"><i class=\"fusion-social-network-icon fusion-tooltip fusion-vk awb-icon-vk\" style=\"color:#2b59ff;\" aria-hidden=\"true\"><\/i><\/a><\/span><span><a href=\"mailto:?subject=Svetlana%20Jovanovi%C4%87-Juga&amp;body=https%3A%2F%2Froyalfamily.org%2Flat%2Fbotanical-council%2Fsvetlana-jovanovic-juga-lat%2F\" target=\"_self\" rel=\"nofollow\" title=\"Email\" aria-label=\"Email\" data-placement=\"top\" data-toggle=\"tooltip\" data-title=\"Email\"><i class=\"fusion-social-network-icon fusion-tooltip fusion-mail awb-icon-mail\" style=\"color:#2b59ff;\" aria-hidden=\"true\"><\/i><\/a><\/span><\/div><\/div><div class=\"fusion-clearfix\"><\/div><\/div><\/div><\/div><\/div>\n","protected":false},"excerpt":{"rendered":"","protected":false},"author":1001015,"featured_media":2669,"parent":918,"menu_order":1,"comment_status":"closed","ping_status":"closed","template":"","meta":{"_acf_changed":false,"footnotes":""},"class_list":["post-2672","page","type-page","status-publish","has-post-thumbnail","hentry"],"acf":[],"yoast_head":"<!-- This site is optimized with the Yoast SEO Premium plugin v27.4 (Yoast SEO v27.4) - https:\/\/yoast.com\/product\/yoast-seo-premium-wordpress\/ -->\n<title>Svetlana Jovanovi\u0107-Juga - The Royal Family of Serbia<\/title>\n<meta name=\"robots\" content=\"index, follow, max-snippet:-1, max-image-preview:large, max-video-preview:-1\" \/>\n<link rel=\"canonical\" href=\"https:\/\/royalfamily.org\/lat\/savet-za-botaniku\/svetlana-jovanovic-juga-lat\/\" \/>\n<meta property=\"og:locale\" content=\"en_US\" \/>\n<meta property=\"og:type\" content=\"article\" \/>\n<meta property=\"og:title\" content=\"Svetlana Jovanovi\u0107-Juga\" \/>\n<meta property=\"og:url\" content=\"https:\/\/royalfamily.org\/lat\/savet-za-botaniku\/svetlana-jovanovic-juga-lat\/\" \/>\n<meta property=\"og:site_name\" content=\"The Royal Family of Serbia\" \/>\n<meta property=\"article:publisher\" content=\"https:\/\/www.facebook.com\/Prestolonaslednik.Aleksandar\" \/>\n<meta property=\"og:image\" content=\"https:\/\/royalfamily.org\/wp-content\/uploads\/2013\/12\/s_jovanovic.jpg\" \/>\n\t<meta property=\"og:image:width\" content=\"740\" \/>\n\t<meta property=\"og:image:height\" content=\"350\" \/>\n\t<meta property=\"og:image:type\" content=\"image\/jpeg\" \/>\n<meta name=\"twitter:card\" content=\"summary_large_image\" \/>\n<meta name=\"twitter:label1\" content=\"Est. reading time\" \/>\n\t<meta name=\"twitter:data1\" content=\"5 minutes\" \/>\n<script type=\"application\/ld+json\" class=\"yoast-schema-graph\">{\"@context\":\"https:\\\/\\\/schema.org\",\"@graph\":[{\"@type\":\"WebPage\",\"@id\":\"https:\\\/\\\/royalfamily.org\\\/lat\\\/savet-za-botaniku\\\/svetlana-jovanovic-juga-lat\\\/\",\"url\":\"https:\\\/\\\/royalfamily.org\\\/lat\\\/savet-za-botaniku\\\/svetlana-jovanovic-juga-lat\\\/\",\"name\":\"Svetlana Jovanovi\u0107-Juga - The Royal Family of Serbia\",\"isPartOf\":{\"@id\":\"https:\\\/\\\/royalfamily.org\\\/#website\"},\"primaryImageOfPage\":{\"@id\":\"https:\\\/\\\/royalfamily.org\\\/lat\\\/savet-za-botaniku\\\/svetlana-jovanovic-juga-lat\\\/#primaryimage\"},\"image\":{\"@id\":\"https:\\\/\\\/royalfamily.org\\\/lat\\\/savet-za-botaniku\\\/svetlana-jovanovic-juga-lat\\\/#primaryimage\"},\"thumbnailUrl\":\"https:\\\/\\\/royalfamily.org\\\/wp-content\\\/uploads\\\/2013\\\/12\\\/s_jovanovic.jpg\",\"datePublished\":\"2013-12-20T10:18:42+00:00\",\"breadcrumb\":{\"@id\":\"https:\\\/\\\/royalfamily.org\\\/lat\\\/savet-za-botaniku\\\/svetlana-jovanovic-juga-lat\\\/#breadcrumb\"},\"inLanguage\":\"sr-LT\",\"potentialAction\":[{\"@type\":\"ReadAction\",\"target\":[\"https:\\\/\\\/royalfamily.org\\\/lat\\\/savet-za-botaniku\\\/svetlana-jovanovic-juga-lat\\\/\"]}]},{\"@type\":\"ImageObject\",\"inLanguage\":\"sr-LT\",\"@id\":\"https:\\\/\\\/royalfamily.org\\\/lat\\\/savet-za-botaniku\\\/svetlana-jovanovic-juga-lat\\\/#primaryimage\",\"url\":\"https:\\\/\\\/royalfamily.org\\\/wp-content\\\/uploads\\\/2013\\\/12\\\/s_jovanovic.jpg\",\"contentUrl\":\"https:\\\/\\\/royalfamily.org\\\/wp-content\\\/uploads\\\/2013\\\/12\\\/s_jovanovic.jpg\",\"width\":740,\"height\":350},{\"@type\":\"BreadcrumbList\",\"@id\":\"https:\\\/\\\/royalfamily.org\\\/lat\\\/savet-za-botaniku\\\/svetlana-jovanovic-juga-lat\\\/#breadcrumb\",\"itemListElement\":[{\"@type\":\"ListItem\",\"position\":1,\"name\":\"Home\",\"item\":\"https:\\\/\\\/royalfamily.org\\\/lat\\\/\"},{\"@type\":\"ListItem\",\"position\":2,\"name\":\"Savet za botaniku\",\"item\":\"https:\\\/\\\/royalfamily.org\\\/lat\\\/savet-za-botaniku\\\/\"},{\"@type\":\"ListItem\",\"position\":3,\"name\":\"Svetlana Jovanovi\u0107-Juga\"}]},{\"@type\":\"WebSite\",\"@id\":\"https:\\\/\\\/royalfamily.org\\\/#website\",\"url\":\"https:\\\/\\\/royalfamily.org\\\/\",\"name\":\"The Royal Family of Serbia\",\"description\":\"From the people, for the people\",\"publisher\":{\"@id\":\"https:\\\/\\\/royalfamily.org\\\/#organization\"},\"potentialAction\":[{\"@type\":\"SearchAction\",\"target\":{\"@type\":\"EntryPoint\",\"urlTemplate\":\"https:\\\/\\\/royalfamily.org\\\/?s={search_term_string}\"},\"query-input\":{\"@type\":\"PropertyValueSpecification\",\"valueRequired\":true,\"valueName\":\"search_term_string\"}}],\"inLanguage\":\"sr-LT\"},{\"@type\":\"Organization\",\"@id\":\"https:\\\/\\\/royalfamily.org\\\/#organization\",\"name\":\"Royal Family\",\"url\":\"https:\\\/\\\/royalfamily.org\\\/\",\"logo\":{\"@type\":\"ImageObject\",\"inLanguage\":\"sr-LT\",\"@id\":\"https:\\\/\\\/royalfamily.org\\\/#\\\/schema\\\/logo\\\/image\\\/\",\"url\":\"https:\\\/\\\/royalfamily.org\\\/wp-content\\\/uploads\\\/2019\\\/04\\\/logo-vector-02-V-latinica.png\",\"contentUrl\":\"https:\\\/\\\/royalfamily.org\\\/wp-content\\\/uploads\\\/2019\\\/04\\\/logo-vector-02-V-latinica.png\",\"width\":552,\"height\":99,\"caption\":\"Royal Family\"},\"image\":{\"@id\":\"https:\\\/\\\/royalfamily.org\\\/#\\\/schema\\\/logo\\\/image\\\/\"},\"sameAs\":[\"https:\\\/\\\/www.facebook.com\\\/Prestolonaslednik.Aleksandar\"]}]}<\/script>\n<!-- \/ Yoast SEO Premium plugin. -->","yoast_head_json":{"title":"Svetlana Jovanovi\u0107-Juga - The Royal Family of Serbia","robots":{"index":"index","follow":"follow","max-snippet":"max-snippet:-1","max-image-preview":"max-image-preview:large","max-video-preview":"max-video-preview:-1"},"canonical":"https:\/\/royalfamily.org\/lat\/savet-za-botaniku\/svetlana-jovanovic-juga-lat\/","og_locale":"en_US","og_type":"article","og_title":"Svetlana Jovanovi\u0107-Juga","og_url":"https:\/\/royalfamily.org\/lat\/savet-za-botaniku\/svetlana-jovanovic-juga-lat\/","og_site_name":"The Royal Family of Serbia","article_publisher":"https:\/\/www.facebook.com\/Prestolonaslednik.Aleksandar","og_image":[{"width":740,"height":350,"url":"https:\/\/royalfamily.org\/wp-content\/uploads\/2013\/12\/s_jovanovic.jpg","type":"image\/jpeg"}],"twitter_card":"summary_large_image","twitter_misc":{"Est. reading time":"5 minutes"},"schema":{"@context":"https:\/\/schema.org","@graph":[{"@type":"WebPage","@id":"https:\/\/royalfamily.org\/lat\/savet-za-botaniku\/svetlana-jovanovic-juga-lat\/","url":"https:\/\/royalfamily.org\/lat\/savet-za-botaniku\/svetlana-jovanovic-juga-lat\/","name":"Svetlana Jovanovi\u0107-Juga - The Royal Family of Serbia","isPartOf":{"@id":"https:\/\/royalfamily.org\/#website"},"primaryImageOfPage":{"@id":"https:\/\/royalfamily.org\/lat\/savet-za-botaniku\/svetlana-jovanovic-juga-lat\/#primaryimage"},"image":{"@id":"https:\/\/royalfamily.org\/lat\/savet-za-botaniku\/svetlana-jovanovic-juga-lat\/#primaryimage"},"thumbnailUrl":"https:\/\/royalfamily.org\/wp-content\/uploads\/2013\/12\/s_jovanovic.jpg","datePublished":"2013-12-20T10:18:42+00:00","breadcrumb":{"@id":"https:\/\/royalfamily.org\/lat\/savet-za-botaniku\/svetlana-jovanovic-juga-lat\/#breadcrumb"},"inLanguage":"sr-LT","potentialAction":[{"@type":"ReadAction","target":["https:\/\/royalfamily.org\/lat\/savet-za-botaniku\/svetlana-jovanovic-juga-lat\/"]}]},{"@type":"ImageObject","inLanguage":"sr-LT","@id":"https:\/\/royalfamily.org\/lat\/savet-za-botaniku\/svetlana-jovanovic-juga-lat\/#primaryimage","url":"https:\/\/royalfamily.org\/wp-content\/uploads\/2013\/12\/s_jovanovic.jpg","contentUrl":"https:\/\/royalfamily.org\/wp-content\/uploads\/2013\/12\/s_jovanovic.jpg","width":740,"height":350},{"@type":"BreadcrumbList","@id":"https:\/\/royalfamily.org\/lat\/savet-za-botaniku\/svetlana-jovanovic-juga-lat\/#breadcrumb","itemListElement":[{"@type":"ListItem","position":1,"name":"Home","item":"https:\/\/royalfamily.org\/lat\/"},{"@type":"ListItem","position":2,"name":"Savet za botaniku","item":"https:\/\/royalfamily.org\/lat\/savet-za-botaniku\/"},{"@type":"ListItem","position":3,"name":"Svetlana Jovanovi\u0107-Juga"}]},{"@type":"WebSite","@id":"https:\/\/royalfamily.org\/#website","url":"https:\/\/royalfamily.org\/","name":"The Royal Family of Serbia","description":"From the people, for the people","publisher":{"@id":"https:\/\/royalfamily.org\/#organization"},"potentialAction":[{"@type":"SearchAction","target":{"@type":"EntryPoint","urlTemplate":"https:\/\/royalfamily.org\/?s={search_term_string}"},"query-input":{"@type":"PropertyValueSpecification","valueRequired":true,"valueName":"search_term_string"}}],"inLanguage":"sr-LT"},{"@type":"Organization","@id":"https:\/\/royalfamily.org\/#organization","name":"Royal Family","url":"https:\/\/royalfamily.org\/","logo":{"@type":"ImageObject","inLanguage":"sr-LT","@id":"https:\/\/royalfamily.org\/#\/schema\/logo\/image\/","url":"https:\/\/royalfamily.org\/wp-content\/uploads\/2019\/04\/logo-vector-02-V-latinica.png","contentUrl":"https:\/\/royalfamily.org\/wp-content\/uploads\/2019\/04\/logo-vector-02-V-latinica.png","width":552,"height":99,"caption":"Royal Family"},"image":{"@id":"https:\/\/royalfamily.org\/#\/schema\/logo\/image\/"},"sameAs":["https:\/\/www.facebook.com\/Prestolonaslednik.Aleksandar"]}]}},"_links":{"self":[{"href":"https:\/\/royalfamily.org\/lat\/wp-json\/wp\/v2\/pages\/2672","targetHints":{"allow":["GET"]}}],"collection":[{"href":"https:\/\/royalfamily.org\/lat\/wp-json\/wp\/v2\/pages"}],"about":[{"href":"https:\/\/royalfamily.org\/lat\/wp-json\/wp\/v2\/types\/page"}],"author":[{"embeddable":true,"href":"https:\/\/royalfamily.org\/lat\/wp-json\/wp\/v2\/users\/1001015"}],"replies":[{"embeddable":true,"href":"https:\/\/royalfamily.org\/lat\/wp-json\/wp\/v2\/comments?post=2672"}],"version-history":[{"count":6,"href":"https:\/\/royalfamily.org\/lat\/wp-json\/wp\/v2\/pages\/2672\/revisions"}],"predecessor-version":[{"id":54344,"href":"https:\/\/royalfamily.org\/lat\/wp-json\/wp\/v2\/pages\/2672\/revisions\/54344"}],"up":[{"embeddable":true,"href":"https:\/\/royalfamily.org\/lat\/wp-json\/wp\/v2\/pages\/918"}],"wp:featuredmedia":[{"embeddable":true,"href":"https:\/\/royalfamily.org\/lat\/wp-json\/wp\/v2\/media\/2669"}],"wp:attachment":[{"href":"https:\/\/royalfamily.org\/lat\/wp-json\/wp\/v2\/media?parent=2672"}],"curies":[{"name":"wp","href":"https:\/\/api.w.org\/{rel}","templated":true}]}}