{"id":83103,"date":"2022-06-20T10:27:14","date_gmt":"2022-06-20T08:27:14","guid":{"rendered":"https:\/\/royalfamily.org\/?page_id=83103"},"modified":"2022-06-20T10:27:15","modified_gmt":"2022-06-20T08:27:15","slug":"prof-branko-pesic","status":"publish","type":"page","link":"https:\/\/royalfamily.org\/lat\/krunski-savet\/prof-branko-pesic\/","title":{"rendered":"Prof. Branko Pe\u0161i\u0107"},"content":{"rendered":"<div class=\"fusion-fullwidth fullwidth-box fusion-builder-row-1 fusion-flex-container nonhundred-percent-fullwidth non-hundred-percent-height-scrolling\" style=\"--awb-border-radius-top-left:0px;--awb-border-radius-top-right:0px;--awb-border-radius-bottom-right:0px;--awb-border-radius-bottom-left:0px;--awb-flex-wrap:wrap;\" ><div class=\"fusion-builder-row fusion-row fusion-flex-align-items-flex-start fusion-flex-content-wrap\" style=\"max-width:1227.2px;margin-left: calc(-4% \/ 2 );margin-right: calc(-4% \/ 2 );\"><div class=\"fusion-layout-column fusion_builder_column fusion-builder-column-0 fusion_builder_column_1_4 1_4 fusion-flex-column\" style=\"--awb-bg-size:cover;--awb-width-large:25%;--awb-margin-top-large:0px;--awb-spacing-right-large:7.68%;--awb-margin-bottom-large:20px;--awb-spacing-left-large:7.68%;--awb-width-medium:100%;--awb-order-medium:0;--awb-spacing-right-medium:1.92%;--awb-spacing-left-medium:1.92%;--awb-width-small:100%;--awb-order-small:0;--awb-spacing-right-small:1.92%;--awb-spacing-left-small:1.92%;\"><div class=\"fusion-column-wrapper fusion-column-has-shadow fusion-flex-justify-content-flex-start fusion-content-layout-column\"><div class=\"fusion-widget-area awb-widget-area-element fusion-widget-area-1 fusion-content-widget-area fusion-no-small-visibility fusion-no-medium-visibility\" style=\"--awb-background-color:#e8e8e8;--awb-title-color:#333333;--awb-padding:4% 4% 4% 4%;\"><div id=\"text-8\" class=\"widget widget_text\" style=\"border-style: solid;border-color:transparent;border-width:0px;\">\t\t\t<div class=\"textwidget\"><p><a href=\"https:\/\/royalfamily.org\/lat\/krunski-savet\/prof-dr-aleksandar-simic\/\">Aleksandar P. Simi\u0107<\/a><\/p>\n<p><a href=\"https:\/\/royalfamily.org\/lat\/krunski-savet\/bogoljub-sijakovic-lat\/\">Bogoljub \u0160ijakovi\u0107<\/a><\/p>\n<p><a href=\"https:\/\/royalfamily.org\/lat\/krunski-savet\/bojan-sudjic\/\">Bojan Su\u0111i\u0107<\/a><\/p>\n<p><a href=\"https:\/\/royalfamily.org\/lat\/krunski-savet\/cedomir-antic-lat\/\">\u010cedomir Anti\u0107<\/a><\/p>\n<p><a href=\"https:\/\/royalfamily.org\/lat\/krunski-savet\/darko-spasic\/\">Darko Spasi\u0107<\/a><\/p>\n<p><a href=\"https:\/\/royalfamily.org\/lat\/krunski-savet\/dusan-kovacevic-lat\/\">Du\u0161an Kova\u010devi\u0107<\/a><\/p>\n<p><a href=\"https:\/\/royalfamily.org\/lat\/krunski-savet\/emir-kusturica-lat\/\">Emir Kusturica<\/a><\/p>\n<p><a href=\"https:\/\/royalfamily.org\/lat\/krunski-savet\/kosta-cavoski-lat\/\">Kosta \u010cavo\u0161ki<\/a><\/p>\n<p><a href=\"https:\/\/royalfamily.org\/lat\/krunski-savet\/matija-beckovic-lat\/\">Matija Be\u0107kovi\u0107<\/a><\/p>\n<p><a href=\"https:\/\/royalfamily.org\/lat\/krunski-savet\/marko-bumbasirevic\/\">Marko Bumba\u0161irevi\u0107<\/a><\/p>\n<p><a href=\"https:\/\/royalfamily.org\/lat\/krunski-savet\/milan-parivodic-lat\/\">Milan Parivodi\u0107<\/a><\/p>\n<p><a href=\"https:\/\/royalfamily.org\/lat\/krunski-savet\/milosav-tesic\/\">Milosav Te\u0161i\u0107<\/a><\/p>\n<p><a href=\"https:\/\/royalfamily.org\/lat\/krunski-savet\/nikola-moravcevic-lat\/\">Nikola Morav\u010devi\u0107<\/a><\/p>\n<p><a href=\"https:\/\/royalfamily.org\/lat\/krunski-savet\/predrag-markovic-lat\/\">Predrag Markovi\u0107<\/a><\/p>\n<p><a href=\"https:\/\/royalfamily.org\/lat\/krunski-savet\/slobodan-g-markovich-lat\/\">Slobodan G. Markovi\u0107<\/a><\/p>\n<p><a href=\"https:\/\/royalfamily.org\/lat\/krunski-savet\/vladan-vukosavljevic-lat\/\">Vladan Vukosavljevi\u0107<\/a><\/p>\n<p><a href=\"https:\/\/royalfamily.org\/lat\/krunski-savet\/vladan-zivulovic-lat\/\">Vladan \u017divulovi\u0107<\/a><\/p>\n<p><a href=\"https:\/\/royalfamily.org\/lat\/krunski-savet\/zoran-zivanovic\/\">Zoran \u017divanovi\u0107<\/a><\/p>\n<p><strong>Preminuli \u010dlanovi Krunskog saveta<\/strong><\/p>\n<p><a href=\"https:\/\/royalfamily.org\/lat\/krunski-savet\/prof-ivan-antic\/\">Prof. Ivan Anti\u0107<\/a><\/p>\n<p><a href=\"https:\/\/royalfamily.org\/dusan-t-batakovic\/\">Prof. dr Du\u0161an Batakovi\u0107<\/a><\/p>\n<p><a href=\"https:\/\/royalfamily.org\/lat\/krunski-savet\/prof-dr-zivojin-bumbasirevic\/\">Prof. dr \u017divojin Bumba\u0161irevi\u0107<\/a><\/p>\n<p><a href=\"https:\/\/royalfamily.org\/svetlana-velmar-jankovic\">Svetlana Velmar-Jankovi\u0107<\/a><\/p>\n<p><a href=\"https:\/\/royalfamily.org\/lat\/krunski-savet\/prof-dr-slobodan-vitanovic\/\">Prof. dr Slobodan Vitanovi\u0107<\/a><\/p>\n<p><a href=\"https:\/\/royalfamily.org\/lat\/krunski-savet\/dragomir-vitorovic\/\">Prof. dr Dragomir Vitorovi\u0107<\/a><\/p>\n<p><a href=\"https:\/\/royalfamily.org\/lat\/krunski-savet\/miroslav-gasic-lat\/\">Prof. dr Miroslav Ga\u0161i\u0107<\/a><\/p>\n<p><a href=\"https:\/\/royalfamily.org\/lat\/krunski-savet\/milovan-danojlic\/\">Milovan Danojli\u0107<\/a><\/p>\n<p><a href=\"https:\/\/royalfamily.org\/lat\/krunski-savet\/prof-dr-aleks-dragnic\/\">Prof. dr Aleks Dragni\u0107<\/a><\/p>\n<p><a href=\"https:\/\/royalfamily.org\/wp-content\/uploads\/2022\/05\/cover-Stepan-Dragojlovic.jpg\">Stepan Dragojlovi\u0107<\/a><\/p>\n<p><a href=\"https:\/\/royalfamily.org\/lat\/krunski-savet\/dorde-durisic\/\">\u0110or\u0111e \u0110uri\u0161i\u0107<\/a><\/p>\n<p><a href=\"https:\/\/royalfamily.org\/wp-content\/uploads\/2022\/05\/Cover-Milorad-Ilic-blank.jpg\">Milorad Ili\u0107<\/a><\/p>\n<p><a href=\"https:\/\/royalfamily.org\/crown-council\/dragoljub-kavran\">Prof. dr Dragoljub Kavran<\/a><\/p>\n<p><a href=\"https:\/\/royalfamily.org\/lat\/krunski-savet\/borislav-mihajlovic-mihiz\/\">Borislav Mihajlovi\u0107-Mihiz<\/a><\/p>\n<p><a href=\"https:\/\/royalfamily.org\/crown-council\/pavle-nikolic\/\">Prof. dr Pavle Nikoli\u0107<\/a><\/p>\n<p><a href=\"https:\/\/royalfamily.org\/lat\/krunski-savet\/prof-dr-milorad-pavic\/\">Prof. dr Milorad Pavi\u0107<\/a><\/p>\n<p><a href=\"https:\/\/royalfamily.org\/lat\/predrag-palavestra\/\">Prof. dr Predrag Palavestra<\/a><\/p>\n<p><a href=\"https:\/\/royalfamily.org\/lat\/krunski-savet\/borislav-pekic\/\">Borislav Peki\u0107<\/a><\/p>\n<p><a href=\"https:\/\/royalfamily.org\/lat\/slobodan-perovic-lat\/\">Prof. dr Slobodan Perovi\u0107<\/a><\/p>\n<p><a href=\"https:\/\/royalfamily.org\/lat\/krunski-savet\/prof-branko-pesic\/\">Prof. Branko Pe\u0161i\u0107<\/a><\/p>\n<p><a href=\"https:\/\/royalfamily.org\/lat\/krunski-savet\/prof-dr-branko-popovic\/\">Prof. dr Branko Popovi\u0107<\/a><\/p>\n<p><a href=\"https:\/\/royalfamily.org\/lat\/krunski-savet\/miodrag-mica-popovic\/\">Miodrag-Mi\u0107a Popovi\u0107<\/a><\/p>\n<p><a href=\"https:\/\/royalfamily.org\/milorad-savicevic\">Milorad Savi\u0107evi\u0107<\/a><\/p>\n<p><a href=\"https:\/\/royalfamily.org\/lat\/krunski-savet\/prof-dr-mladen-srbinovic\/\">Mladen Srbinovi\u0107<\/a><\/p>\n<p><a href=\"https:\/\/royalfamily.org\/lat\/krunski-savet\/prof-dr-dorde-vid-tomasevic\/\">Prof. dr \u0110or\u0111e-Vid Toma\u0161evi\u0107<\/a><\/p>\n<\/div>\n\t\t<\/div><div class=\"fusion-additional-widget-content\"><\/div><\/div><\/div><\/div><div class=\"fusion-layout-column fusion_builder_column fusion-builder-column-1 fusion_builder_column_3_4 3_4 fusion-flex-column\" style=\"--awb-bg-size:cover;--awb-width-large:75%;--awb-margin-top-large:0px;--awb-spacing-right-large:2.56%;--awb-margin-bottom-large:20px;--awb-spacing-left-large:2.56%;--awb-width-medium:100%;--awb-order-medium:0;--awb-spacing-right-medium:1.92%;--awb-spacing-left-medium:1.92%;--awb-width-small:100%;--awb-order-small:0;--awb-spacing-right-small:1.92%;--awb-spacing-left-small:1.92%;\"><div class=\"fusion-column-wrapper fusion-column-has-shadow fusion-flex-justify-content-flex-start fusion-content-layout-column\"><div class=\"fusion-image-element \" style=\"--awb-caption-title-font-family:var(--h2_typography-font-family);--awb-caption-title-font-weight:var(--h2_typography-font-weight);--awb-caption-title-font-style:var(--h2_typography-font-style);--awb-caption-title-size:var(--h2_typography-font-size);--awb-caption-title-transform:var(--h2_typography-text-transform);--awb-caption-title-line-height:var(--h2_typography-line-height);--awb-caption-title-letter-spacing:var(--h2_typography-letter-spacing);\"><span class=\" fusion-imageframe imageframe-none imageframe-1 hover-type-none\"><img decoding=\"async\" width=\"740\" height=\"360\" alt=\"Pesic Branko\" title=\"Pesic Branko\" src=\"https:\/\/royalfamily.org\/wp-content\/uploads\/2022\/05\/cover-Pesic-Branko.jpg\" class=\"img-responsive wp-image-82394\" srcset=\"https:\/\/royalfamily.org\/wp-content\/uploads\/2022\/05\/cover-Pesic-Branko-200x97.jpg 200w, https:\/\/royalfamily.org\/wp-content\/uploads\/2022\/05\/cover-Pesic-Branko-400x195.jpg 400w, https:\/\/royalfamily.org\/wp-content\/uploads\/2022\/05\/cover-Pesic-Branko-600x292.jpg 600w, https:\/\/royalfamily.org\/wp-content\/uploads\/2022\/05\/cover-Pesic-Branko.jpg 740w\" sizes=\"(max-width: 1024px) 100vw, (max-width: 640px) 100vw, 740px\" \/><\/span><\/div><div class=\"fusion-separator fusion-full-width-sep\" style=\"align-self: center;margin-left: auto;margin-right: auto;margin-top:10px;margin-bottom:10px;width:100%;\"><\/div><div class=\"fusion-text fusion-text-1\"><p><strong>Prof. Branko Pe\u0161i\u0107<\/strong> (Zemun, 1. septembar 1921 \u2014 Linjano, 4. oktobar 2006) bio je srpski arhitekta i univerzitetski profesor, projektant brojnih objekata u Beogradu i u svetu. Legat Branka Pe\u0161i\u0107a je u procesu formiranja u Udru\u017eenju za kulturu, umetnost i me\u0111unarodnu saradnju \u201eAdligat\u201d.<\/p>\n<p>Tehni\u010dki fakultet u Beogradu \u2014 arhitektonski odsek upisao je 1939, no usled ratnog prekida studija diplomirao je 1947. godine. U periodu 1947 \u2014 1951. radio je kao projektant, \u0161ef gradili\u0161ta i biroa u Direkciji za izgradnju Novog Beograda.<\/p>\n<p>Godine 1951. izabran za asistenta na Gra\u0111evinskom fakultetu u Beogradu gde, do penzionisanja 1986, radi u svojstvu predava\u010da, zatim profesora na predmetu Zgradarstvo. Bio i honorarni asistent na Arhitektonskom fakultetu u Beogradu. Isti predmet, predavao je vi\u0161e godina i na fakultetima u Ni\u0161u, Novom Sadu, Zrenjaninu i Podgorici. Autor je ud\u017ebenika za predmet zgradarstvo, kao i ve\u0107eg broja objavljenih knjiga i stru\u010dnih radova.<\/p>\n<p>Od njegovih 117 realizovanih projekata najzna\u010dajniji su: jugoslovenski paviljoni na brojnim me\u0111unarodnim sajmovima (me\u0111u kojima su najve\u0107i u Njujorku, Lozani, Moskvi, Parizu, Diseldorfu i Pekingu); projekti vi\u0161e zgrada u Beogradu, me\u0111u kojima je najzna\u010dajnija palata \u201eBeograd\u201c (\u201eBeogra\u0111anka\u201c). Vr\u0161io je i nadzor nad realizacijom svojih projekata. U\u010destvovao na 28 arhitektonskih konkursa na kojima je dobio 20 nagrada.<\/p>\n<p>Bio je predsednik i \u010dlan brojnih stru\u010dnih \u017eirija, u\u010desnik izlo\u017ebi (\u201eMajske izlo\u017ebe\u201c ULUPUDS-a, samostalna \u201eIzlo\u017ebe o izlo\u017ebama\u201c 1980. godine u Beogradu na kojoj je izlagao svoj projektantski opus. Bio je i predsednik sekcije arhitekture Udru\u017eenja primenjenih umetnika i dizajnera Srbije (ULUPUDS) 14 godina, ULUPUDS-a (1976\u20141980.), zatim predsednik Udru\u017eenja primenjenih umetnika i dizajnera Jugoslavije (1981\u20141982.), predsednik Saveta redakcija \u010dasopisa \u201eSavremeni materijali\u201c i \u201eArhitektura i urbanizam\u201c.<\/p>\n<p>Autor je projekta za nastavak gradnje Hrama Svetog Save u Beogradu po kojem je i izveden 2004. godine. Glavni organizator i nadzorni in\u017eenjer svih radova na gradnji Hrama od 1984. do 1996. godine. Za rad na Hramu Pe\u0161i\u0107 nije primao platu niti bilo kakvu vrstu nadoknade, po\u0161to je taj projekat smatrao svojom du\u017eno\u0161\u0107u i misijom. Pored poslova struke, Pe\u0161i\u0107 je za Hram aktivno prikupljao sredstva, u koju svrhu je odr\u017eao niz predavanja i izlo\u017ebi, od Australije do Ujedinjenog Kraljevstva.<\/p>\n<\/div><\/div><\/div><\/div><\/div>\n","protected":false},"excerpt":{"rendered":"","protected":false},"author":1001015,"featured_media":0,"parent":1060,"menu_order":0,"comment_status":"closed","ping_status":"closed","template":"","meta":{"_acf_changed":false,"footnotes":""},"class_list":["post-83103","page","type-page","status-publish","hentry"],"acf":[],"yoast_head":"<!-- This site is optimized with the Yoast SEO Premium plugin v27.4 (Yoast SEO v27.4) - https:\/\/yoast.com\/product\/yoast-seo-premium-wordpress\/ -->\n<title>Prof. Branko Pe\u0161i\u0107 - The Royal Family of Serbia<\/title>\n<meta name=\"robots\" content=\"index, follow, max-snippet:-1, max-image-preview:large, max-video-preview:-1\" \/>\n<link rel=\"canonical\" href=\"https:\/\/royalfamily.org\/lat\/krunski-savet\/prof-branko-pesic\/\" \/>\n<meta property=\"og:locale\" content=\"en_US\" \/>\n<meta property=\"og:type\" content=\"article\" \/>\n<meta property=\"og:title\" content=\"Prof. Branko Pe\u0161i\u0107\" \/>\n<meta property=\"og:url\" content=\"https:\/\/royalfamily.org\/lat\/krunski-savet\/prof-branko-pesic\/\" \/>\n<meta property=\"og:site_name\" content=\"The Royal Family of Serbia\" \/>\n<meta property=\"article:publisher\" content=\"https:\/\/www.facebook.com\/Prestolonaslednik.Aleksandar\" \/>\n<meta property=\"article:modified_time\" content=\"2022-06-20T08:27:15+00:00\" \/>\n<meta name=\"twitter:card\" content=\"summary_large_image\" \/>\n<meta name=\"twitter:label1\" content=\"Est. reading time\" \/>\n\t<meta name=\"twitter:data1\" content=\"8 minutes\" \/>\n<script type=\"application\/ld+json\" class=\"yoast-schema-graph\">{\"@context\":\"https:\\\/\\\/schema.org\",\"@graph\":[{\"@type\":\"WebPage\",\"@id\":\"https:\\\/\\\/royalfamily.org\\\/lat\\\/krunski-savet\\\/prof-branko-pesic\\\/\",\"url\":\"https:\\\/\\\/royalfamily.org\\\/lat\\\/krunski-savet\\\/prof-branko-pesic\\\/\",\"name\":\"Prof. Branko Pe\u0161i\u0107 - The Royal Family of Serbia\",\"isPartOf\":{\"@id\":\"https:\\\/\\\/royalfamily.org\\\/#website\"},\"datePublished\":\"2022-06-20T08:27:14+00:00\",\"dateModified\":\"2022-06-20T08:27:15+00:00\",\"breadcrumb\":{\"@id\":\"https:\\\/\\\/royalfamily.org\\\/lat\\\/krunski-savet\\\/prof-branko-pesic\\\/#breadcrumb\"},\"inLanguage\":\"sr-LT\",\"potentialAction\":[{\"@type\":\"ReadAction\",\"target\":[\"https:\\\/\\\/royalfamily.org\\\/lat\\\/krunski-savet\\\/prof-branko-pesic\\\/\"]}]},{\"@type\":\"BreadcrumbList\",\"@id\":\"https:\\\/\\\/royalfamily.org\\\/lat\\\/krunski-savet\\\/prof-branko-pesic\\\/#breadcrumb\",\"itemListElement\":[{\"@type\":\"ListItem\",\"position\":1,\"name\":\"Home\",\"item\":\"https:\\\/\\\/royalfamily.org\\\/lat\\\/\"},{\"@type\":\"ListItem\",\"position\":2,\"name\":\"Krunski savet\",\"item\":\"https:\\\/\\\/royalfamily.org\\\/lat\\\/krunski-savet\\\/\"},{\"@type\":\"ListItem\",\"position\":3,\"name\":\"Prof. Branko Pe\u0161i\u0107\"}]},{\"@type\":\"WebSite\",\"@id\":\"https:\\\/\\\/royalfamily.org\\\/#website\",\"url\":\"https:\\\/\\\/royalfamily.org\\\/\",\"name\":\"The Royal Family of Serbia\",\"description\":\"From the people, for the people\",\"publisher\":{\"@id\":\"https:\\\/\\\/royalfamily.org\\\/#organization\"},\"potentialAction\":[{\"@type\":\"SearchAction\",\"target\":{\"@type\":\"EntryPoint\",\"urlTemplate\":\"https:\\\/\\\/royalfamily.org\\\/?s={search_term_string}\"},\"query-input\":{\"@type\":\"PropertyValueSpecification\",\"valueRequired\":true,\"valueName\":\"search_term_string\"}}],\"inLanguage\":\"sr-LT\"},{\"@type\":\"Organization\",\"@id\":\"https:\\\/\\\/royalfamily.org\\\/#organization\",\"name\":\"Royal Family\",\"url\":\"https:\\\/\\\/royalfamily.org\\\/\",\"logo\":{\"@type\":\"ImageObject\",\"inLanguage\":\"sr-LT\",\"@id\":\"https:\\\/\\\/royalfamily.org\\\/#\\\/schema\\\/logo\\\/image\\\/\",\"url\":\"https:\\\/\\\/royalfamily.org\\\/wp-content\\\/uploads\\\/2019\\\/04\\\/logo-vector-02-V-latinica.png\",\"contentUrl\":\"https:\\\/\\\/royalfamily.org\\\/wp-content\\\/uploads\\\/2019\\\/04\\\/logo-vector-02-V-latinica.png\",\"width\":552,\"height\":99,\"caption\":\"Royal Family\"},\"image\":{\"@id\":\"https:\\\/\\\/royalfamily.org\\\/#\\\/schema\\\/logo\\\/image\\\/\"},\"sameAs\":[\"https:\\\/\\\/www.facebook.com\\\/Prestolonaslednik.Aleksandar\"]}]}<\/script>\n<!-- \/ Yoast SEO Premium plugin. -->","yoast_head_json":{"title":"Prof. Branko Pe\u0161i\u0107 - The Royal Family of Serbia","robots":{"index":"index","follow":"follow","max-snippet":"max-snippet:-1","max-image-preview":"max-image-preview:large","max-video-preview":"max-video-preview:-1"},"canonical":"https:\/\/royalfamily.org\/lat\/krunski-savet\/prof-branko-pesic\/","og_locale":"en_US","og_type":"article","og_title":"Prof. Branko Pe\u0161i\u0107","og_url":"https:\/\/royalfamily.org\/lat\/krunski-savet\/prof-branko-pesic\/","og_site_name":"The Royal Family of Serbia","article_publisher":"https:\/\/www.facebook.com\/Prestolonaslednik.Aleksandar","article_modified_time":"2022-06-20T08:27:15+00:00","twitter_card":"summary_large_image","twitter_misc":{"Est. reading time":"8 minutes"},"schema":{"@context":"https:\/\/schema.org","@graph":[{"@type":"WebPage","@id":"https:\/\/royalfamily.org\/lat\/krunski-savet\/prof-branko-pesic\/","url":"https:\/\/royalfamily.org\/lat\/krunski-savet\/prof-branko-pesic\/","name":"Prof. Branko Pe\u0161i\u0107 - The Royal Family of Serbia","isPartOf":{"@id":"https:\/\/royalfamily.org\/#website"},"datePublished":"2022-06-20T08:27:14+00:00","dateModified":"2022-06-20T08:27:15+00:00","breadcrumb":{"@id":"https:\/\/royalfamily.org\/lat\/krunski-savet\/prof-branko-pesic\/#breadcrumb"},"inLanguage":"sr-LT","potentialAction":[{"@type":"ReadAction","target":["https:\/\/royalfamily.org\/lat\/krunski-savet\/prof-branko-pesic\/"]}]},{"@type":"BreadcrumbList","@id":"https:\/\/royalfamily.org\/lat\/krunski-savet\/prof-branko-pesic\/#breadcrumb","itemListElement":[{"@type":"ListItem","position":1,"name":"Home","item":"https:\/\/royalfamily.org\/lat\/"},{"@type":"ListItem","position":2,"name":"Krunski savet","item":"https:\/\/royalfamily.org\/lat\/krunski-savet\/"},{"@type":"ListItem","position":3,"name":"Prof. Branko Pe\u0161i\u0107"}]},{"@type":"WebSite","@id":"https:\/\/royalfamily.org\/#website","url":"https:\/\/royalfamily.org\/","name":"The Royal Family of Serbia","description":"From the people, for the people","publisher":{"@id":"https:\/\/royalfamily.org\/#organization"},"potentialAction":[{"@type":"SearchAction","target":{"@type":"EntryPoint","urlTemplate":"https:\/\/royalfamily.org\/?s={search_term_string}"},"query-input":{"@type":"PropertyValueSpecification","valueRequired":true,"valueName":"search_term_string"}}],"inLanguage":"sr-LT"},{"@type":"Organization","@id":"https:\/\/royalfamily.org\/#organization","name":"Royal Family","url":"https:\/\/royalfamily.org\/","logo":{"@type":"ImageObject","inLanguage":"sr-LT","@id":"https:\/\/royalfamily.org\/#\/schema\/logo\/image\/","url":"https:\/\/royalfamily.org\/wp-content\/uploads\/2019\/04\/logo-vector-02-V-latinica.png","contentUrl":"https:\/\/royalfamily.org\/wp-content\/uploads\/2019\/04\/logo-vector-02-V-latinica.png","width":552,"height":99,"caption":"Royal Family"},"image":{"@id":"https:\/\/royalfamily.org\/#\/schema\/logo\/image\/"},"sameAs":["https:\/\/www.facebook.com\/Prestolonaslednik.Aleksandar"]}]}},"_links":{"self":[{"href":"https:\/\/royalfamily.org\/lat\/wp-json\/wp\/v2\/pages\/83103","targetHints":{"allow":["GET"]}}],"collection":[{"href":"https:\/\/royalfamily.org\/lat\/wp-json\/wp\/v2\/pages"}],"about":[{"href":"https:\/\/royalfamily.org\/lat\/wp-json\/wp\/v2\/types\/page"}],"author":[{"embeddable":true,"href":"https:\/\/royalfamily.org\/lat\/wp-json\/wp\/v2\/users\/1001015"}],"replies":[{"embeddable":true,"href":"https:\/\/royalfamily.org\/lat\/wp-json\/wp\/v2\/comments?post=83103"}],"version-history":[{"count":2,"href":"https:\/\/royalfamily.org\/lat\/wp-json\/wp\/v2\/pages\/83103\/revisions"}],"predecessor-version":[{"id":83105,"href":"https:\/\/royalfamily.org\/lat\/wp-json\/wp\/v2\/pages\/83103\/revisions\/83105"}],"up":[{"embeddable":true,"href":"https:\/\/royalfamily.org\/lat\/wp-json\/wp\/v2\/pages\/1060"}],"wp:attachment":[{"href":"https:\/\/royalfamily.org\/lat\/wp-json\/wp\/v2\/media?parent=83103"}],"curies":[{"name":"wp","href":"https:\/\/api.w.org\/{rel}","templated":true}]}}