{"id":90385,"date":"2024-06-11T15:11:51","date_gmt":"2024-06-11T13:11:51","guid":{"rendered":"https:\/\/royalfamily.org\/?page_id=90385"},"modified":"2024-06-11T15:18:07","modified_gmt":"2024-06-11T13:18:07","slug":"dusica-lecic-tosevski","status":"publish","type":"page","link":"https:\/\/royalfamily.org\/lat\/krunsko-vece\/dusica-lecic-tosevski\/","title":{"rendered":"Du\u0161ica Le\u010di\u0107 To\u0161evski"},"content":{"rendered":"<div class=\"fusion-fullwidth fullwidth-box fusion-builder-row-1 fusion-flex-container has-pattern-background has-mask-background nonhundred-percent-fullwidth non-hundred-percent-height-scrolling\" style=\"--awb-border-radius-top-left:0px;--awb-border-radius-top-right:0px;--awb-border-radius-bottom-right:0px;--awb-border-radius-bottom-left:0px;--awb-flex-wrap:wrap;\" ><div class=\"fusion-builder-row fusion-row fusion-flex-align-items-flex-start fusion-flex-content-wrap\" style=\"max-width:1227.2px;margin-left: calc(-4% \/ 2 );margin-right: calc(-4% \/ 2 );\"><div class=\"fusion-layout-column fusion_builder_column fusion-builder-column-0 fusion_builder_column_1_4 1_4 fusion-flex-column\" style=\"--awb-bg-size:cover;--awb-width-large:25%;--awb-margin-top-large:0px;--awb-spacing-right-large:7.68%;--awb-margin-bottom-large:20px;--awb-spacing-left-large:7.68%;--awb-width-medium:100%;--awb-order-medium:0;--awb-spacing-right-medium:1.92%;--awb-spacing-left-medium:1.92%;--awb-width-small:100%;--awb-order-small:0;--awb-spacing-right-small:1.92%;--awb-spacing-left-small:1.92%;\"><div class=\"fusion-column-wrapper fusion-column-has-shadow fusion-flex-justify-content-flex-start fusion-content-layout-column\"><div class=\"fusion-widget-area awb-widget-area-element fusion-widget-area-1 fusion-content-widget-area\" style=\"--awb-background-color:#e8e8e8;--awb-title-color:#333333;--awb-padding:4% 4% 4% 4%;\"><div id=\"text-12\" class=\"widget widget_text\" style=\"border-style: solid;border-color:transparent;border-width:0px;\">\t\t\t<div class=\"textwidget\"><p><a href=\"https:\/\/royalfamily.org\/lat\/krunsko-vece\/hrh-hereditary-prince-peter-lat\/\">NJ.K.V. Princ Petar<\/a><\/p>\n<p><a href=\"https:\/\/royalfamily.org\/lat\/krunsko-vece\/hrh-prince-philip-lat\/\">NJ.K.V. Princ Naslednik Filip<\/a><\/p>\n<p><a href=\"https:\/\/royalfamily.org\/lat\/krunsko-vece\/hrh-prince-alexander-lat\/\">NJ.K.V. Princ Aleksandar<\/a><\/p>\n<p><a href=\"https:\/\/royalfamily.org\/lat\/krunsko-vece\/branko-terzic-lat\/\">Branko Terzi\u0107<\/a><\/p>\n<p><a href=\"https:\/\/royalfamily.org\/lat\/krunsko-vece\/dragomir-acovic-lat\/\">Dragomir Acovi\u0107<\/a><\/p>\n<p><a href=\"https:\/\/royalfamily.org\/lat\/krunsko-vece\/dusan-babac-lat\/\">Du\u0161an Babac<\/a><\/p>\n<p><a href=\"https:\/\/royalfamily.org\/lat\/krunsko-vece\/djurdje-ninkovic-lat\/\">\u0110ur\u0111e Ninkovi\u0107<\/a><\/p>\n<p><a href=\"https:\/\/royalfamily.org\/lat\/krunsko-vece\/dusica-lecic-tosevski\/\">Du\u0161ica Le\u010di\u0107 To\u0161evski<\/a><\/p>\n<p><strong>Preminuli \u010dlanovi Krunskog ve\u0107a<\/strong><\/p>\n<p><a href=\"https:\/\/royalfamily.org\/lat\/%d1%92%d0%be%d1%80%d1%92%d0%b5-%d0%bd%d0%be%d0%b2%d0%b0%d0%ba%d0%be%d0%b2%d0%b8%d1%9b-cir\/\">\u0110or\u0111e Novakovic<\/a><\/p>\n<\/div>\n\t\t<\/div><div class=\"fusion-additional-widget-content\"><\/div><\/div><\/div><\/div><div class=\"fusion-layout-column fusion_builder_column fusion-builder-column-1 fusion_builder_column_3_4 3_4 fusion-flex-column\" style=\"--awb-bg-size:cover;--awb-width-large:75%;--awb-margin-top-large:0px;--awb-spacing-right-large:2.56%;--awb-margin-bottom-large:20px;--awb-spacing-left-large:2.56%;--awb-width-medium:100%;--awb-order-medium:0;--awb-spacing-right-medium:1.92%;--awb-spacing-left-medium:1.92%;--awb-width-small:100%;--awb-order-small:0;--awb-spacing-right-small:1.92%;--awb-spacing-left-small:1.92%;\"><div class=\"fusion-column-wrapper fusion-column-has-shadow fusion-flex-justify-content-flex-start fusion-content-layout-column\"><div class=\"fusion-image-element \" style=\"--awb-caption-title-font-family:var(--h2_typography-font-family);--awb-caption-title-font-weight:var(--h2_typography-font-weight);--awb-caption-title-font-style:var(--h2_typography-font-style);--awb-caption-title-size:var(--h2_typography-font-size);--awb-caption-title-transform:var(--h2_typography-text-transform);--awb-caption-title-line-height:var(--h2_typography-line-height);--awb-caption-title-letter-spacing:var(--h2_typography-letter-spacing);\"><span class=\" fusion-imageframe imageframe-none imageframe-1 hover-type-none\"><img decoding=\"async\" width=\"1920\" height=\"1280\" alt=\"Dusica Lecic Tosevski\" title=\"Dusica Lecic Tosevski\" src=\"https:\/\/royalfamily.org\/wp-content\/uploads\/2024\/06\/\u0414\u0443\u0448\u0438\u0446\u0430-\u041b\u0435\u0447\u0438\u045b-\u0422\u043e\u0448\u0435\u0432\u0441\u043a\u0438.jpg\" class=\"img-responsive wp-image-90380\" srcset=\"https:\/\/royalfamily.org\/wp-content\/uploads\/2024\/06\/\u0414\u0443\u0448\u0438\u0446\u0430-\u041b\u0435\u0447\u0438\u045b-\u0422\u043e\u0448\u0435\u0432\u0441\u043a\u0438-200x133.jpg 200w, https:\/\/royalfamily.org\/wp-content\/uploads\/2024\/06\/\u0414\u0443\u0448\u0438\u0446\u0430-\u041b\u0435\u0447\u0438\u045b-\u0422\u043e\u0448\u0435\u0432\u0441\u043a\u0438-400x267.jpg 400w, https:\/\/royalfamily.org\/wp-content\/uploads\/2024\/06\/\u0414\u0443\u0448\u0438\u0446\u0430-\u041b\u0435\u0447\u0438\u045b-\u0422\u043e\u0448\u0435\u0432\u0441\u043a\u0438-600x400.jpg 600w, https:\/\/royalfamily.org\/wp-content\/uploads\/2024\/06\/\u0414\u0443\u0448\u0438\u0446\u0430-\u041b\u0435\u0447\u0438\u045b-\u0422\u043e\u0448\u0435\u0432\u0441\u043a\u0438-800x533.jpg 800w, https:\/\/royalfamily.org\/wp-content\/uploads\/2024\/06\/\u0414\u0443\u0448\u0438\u0446\u0430-\u041b\u0435\u0447\u0438\u045b-\u0422\u043e\u0448\u0435\u0432\u0441\u043a\u0438-1200x800.jpg 1200w, https:\/\/royalfamily.org\/wp-content\/uploads\/2024\/06\/\u0414\u0443\u0448\u0438\u0446\u0430-\u041b\u0435\u0447\u0438\u045b-\u0422\u043e\u0448\u0435\u0432\u0441\u043a\u0438.jpg 1920w\" sizes=\"(max-width: 1024px) 100vw, (max-width: 640px) 100vw, 1200px\" \/><\/span><\/div><div class=\"fusion-separator fusion-full-width-sep\" style=\"align-self: center;margin-left: auto;margin-right: auto;margin-top:10px;width:100%;\"><\/div><div class=\"fusion-text fusion-text-1\"><p>Du\u0161ica Le\u010di\u0107 To\u0161evski, psihijatar, psihoterapuet i profesor psihijatrije redovni je \u010dlan Srpske akademije nauka i umetnosti. Bila je direktorka Instituta za mentalno zdravlje Univerzitetske psihijatrijske bolnice od 2004. do 2019. godine, na kojem je osnovala mnoga nova odeljenja i kao najbolji rukovodilac dobijala me\u0111unarodne nagrade. Bila je \u0161ef katedre za psihijatriju na Medicinskom fakultetu Univerziteta u Beogradu. Poznati je pedagog i mentor je brojnih doktorskih disertacija, magistarskih i subspecijalisti\u010dkih teza. Bila je osniva\u010d i rukovodilac Saradni\u010dkog centra SZO za razvoj kadra za za\u0161titu mentalnog zdravlja i predsedavaju\u0107i Nacionalnog komiteta za mentalno zdravlje. Dala je zna\u010dajan doprinos reformi za\u0161tite mentalnog zdravlja u zemlji, bila je urednica Nacionalne strategije za za\u0161titu mentalnog zdravlja i dva vodi\u010da dobre klini\u010dke prakse, za depresiju i shizofreniju. Bila je rukovodilac nekoliko programa za za\u0161titu mentalnog zdravlja izbeglica i \u017ertava torture.<\/p>\n<p>Profesor Le\u010di\u0107 To\u0161evski aktivno je klju\u010dena u rad Svetske psihijatrijske asocijacije (WPA), kao biv\u0161i zonalni predstavnik za Centralnu Evropu, biv\u0161i predsednik Sekcije za preventivnu psihijatriju i kopredsedavaju\u0107i Komiteta za nau\u010dne pulikacije, \u010dlan odbora Sekcije za psihoanalizu i psihijatriju, kao i nekoliko drugih sekcija.<\/p>\n<p>Ugledni je saradnik Ameri\u010dke psihijatrijske asocijacije (APA), me\u0111unarodni \u010dlan Kraljevskog psihijatrijskog koled\u017ea, fellow Evropske psihijatrjske asocijacije (EPA), po\u010dasni \u010dlan WPA, predsednica Udru\u017eenja psihijatara Isto\u010dne Evrope i Balkana i biv\u0161a predsednica Srpskog psihijatrijskog udru\u017eenja. Bila je \u010dlan Radne grupe SZO za klasifikaciju poreme\u0107aja li\u010dnosti po sistemu MKB-11.<\/p>\n<p>Prof. Du\u0161ica Le\u010di\u0107 To\u0161evski bila je koordinator i istra\u017eiva\u010d mnogih me\u0111unarodnih, multicentri\u010dnih i nacionalnih istra\u017eiva\u010dkih projekata. Autor je brojnih nau\u010dnih \u010dlanaka i poglavlja u me\u0111unarodnim knjigama, jedan je od urednika novog ameri\u010dkog ud\u017ebenika (Tasmanova psihijatrija, peto izdanje, izdava\u010dka ku\u0107a Springer), dve me\u0111unarodne knjige, \u010detiri knjige u izdanju Srpske akademije nauka, kao i mnogih parakti\u010dnih priru\u010dnika. \u010clan je ure\u0111iva\u010dkog odbora i recenzent brojnih me\u0111unarodnih \u010dasopisa. Dr\u017ei predavanja po pozivu na mnogim me\u0111unarodnim kongresima i univerztetima, od kojih je neke i organizovala. Prevela je sedam stru\u010dnih i \u0161est knji\u017eevnih dela.<\/p>\n<p>Stru\u010dna interesovanja profesorke Le\u010di\u0107 To\u0161evski su poreme\u0107aji li\u010dnosti, afektivni poreme\u0107aji, traumatski stres i komorbiditet mentalnih i somatskih poreme\u0107aja. Svoj profesionalni \u017eivot posvetila je plemenitoj disciplini psihijatrije, tretmanu mentalnih poreme\u0107aja usmerenom na osobu, kao i prevenciji mentalnih poreme\u0107aja i unapre\u0111enju mentalnog zdravlja.<\/p>\n<\/div><div class=\"fusion-widget-area awb-widget-area-element fusion-widget-area-2 fusion-content-widget-area fusion-no-large-visibility\" style=\"--awb-background-color:#e8e8e8;--awb-title-color:#333333;--awb-padding:4% 4% 4% 4%;\"><div id=\"text-12\" class=\"widget widget_text\" style=\"border-style: solid;border-color:transparent;border-width:0px;\">\t\t\t<div class=\"textwidget\"><p><a href=\"https:\/\/royalfamily.org\/lat\/krunsko-vece\/hrh-hereditary-prince-peter-lat\/\">NJ.K.V. Princ Petar<\/a><\/p>\n<p><a href=\"https:\/\/royalfamily.org\/lat\/krunsko-vece\/hrh-prince-philip-lat\/\">NJ.K.V. Princ Naslednik Filip<\/a><\/p>\n<p><a href=\"https:\/\/royalfamily.org\/lat\/krunsko-vece\/hrh-prince-alexander-lat\/\">NJ.K.V. Princ Aleksandar<\/a><\/p>\n<p><a href=\"https:\/\/royalfamily.org\/lat\/krunsko-vece\/branko-terzic-lat\/\">Branko Terzi\u0107<\/a><\/p>\n<p><a href=\"https:\/\/royalfamily.org\/lat\/krunsko-vece\/dragomir-acovic-lat\/\">Dragomir Acovi\u0107<\/a><\/p>\n<p><a href=\"https:\/\/royalfamily.org\/lat\/krunsko-vece\/dusan-babac-lat\/\">Du\u0161an Babac<\/a><\/p>\n<p><a href=\"https:\/\/royalfamily.org\/lat\/krunsko-vece\/djurdje-ninkovic-lat\/\">\u0110ur\u0111e Ninkovi\u0107<\/a><\/p>\n<p><a href=\"https:\/\/royalfamily.org\/lat\/krunsko-vece\/dusica-lecic-tosevski\/\">Du\u0161ica Le\u010di\u0107 To\u0161evski<\/a><\/p>\n<p><strong>Preminuli \u010dlanovi Krunskog ve\u0107a<\/strong><\/p>\n<p><a href=\"https:\/\/royalfamily.org\/lat\/%d1%92%d0%be%d1%80%d1%92%d0%b5-%d0%bd%d0%be%d0%b2%d0%b0%d0%ba%d0%be%d0%b2%d0%b8%d1%9b-cir\/\">\u0110or\u0111e Novakovic<\/a><\/p>\n<\/div>\n\t\t<\/div><div class=\"fusion-additional-widget-content\"><\/div><\/div><\/div><\/div><\/div><\/div>\n","protected":false},"excerpt":{"rendered":"","protected":false},"author":1001015,"featured_media":0,"parent":1065,"menu_order":9,"comment_status":"closed","ping_status":"closed","template":"","meta":{"_acf_changed":false,"footnotes":""},"class_list":["post-90385","page","type-page","status-publish","hentry"],"acf":[],"yoast_head":"<!-- This site is optimized with the Yoast SEO Premium plugin v27.5 (Yoast SEO v27.5) - https:\/\/yoast.com\/product\/yoast-seo-premium-wordpress\/ -->\n<title>Du\u0161ica Le\u010di\u0107 To\u0161evski - The Royal Family of Serbia<\/title>\n<meta name=\"robots\" content=\"index, follow, max-snippet:-1, max-image-preview:large, max-video-preview:-1\" \/>\n<link rel=\"canonical\" href=\"https:\/\/royalfamily.org\/lat\/krunsko-vece\/dusica-lecic-tosevski\/\" \/>\n<meta property=\"og:locale\" content=\"en_US\" \/>\n<meta property=\"og:type\" content=\"article\" \/>\n<meta property=\"og:title\" content=\"Du\u0161ica Le\u010di\u0107 To\u0161evski\" \/>\n<meta property=\"og:url\" content=\"https:\/\/royalfamily.org\/lat\/krunsko-vece\/dusica-lecic-tosevski\/\" \/>\n<meta property=\"og:site_name\" content=\"The Royal Family of Serbia\" \/>\n<meta property=\"article:publisher\" content=\"https:\/\/www.facebook.com\/Prestolonaslednik.Aleksandar\" \/>\n<meta property=\"article:modified_time\" content=\"2024-06-11T13:18:07+00:00\" \/>\n<meta name=\"twitter:card\" content=\"summary_large_image\" \/>\n<meta name=\"twitter:label1\" content=\"Est. reading time\" \/>\n\t<meta name=\"twitter:data1\" content=\"2 minutes\" \/>\n<script type=\"application\/ld+json\" class=\"yoast-schema-graph\">{\"@context\":\"https:\\\/\\\/schema.org\",\"@graph\":[{\"@type\":\"WebPage\",\"@id\":\"https:\\\/\\\/royalfamily.org\\\/lat\\\/krunsko-vece\\\/dusica-lecic-tosevski\\\/\",\"url\":\"https:\\\/\\\/royalfamily.org\\\/lat\\\/krunsko-vece\\\/dusica-lecic-tosevski\\\/\",\"name\":\"Du\u0161ica Le\u010di\u0107 To\u0161evski - The Royal Family of Serbia\",\"isPartOf\":{\"@id\":\"https:\\\/\\\/royalfamily.org\\\/#website\"},\"datePublished\":\"2024-06-11T13:11:51+00:00\",\"dateModified\":\"2024-06-11T13:18:07+00:00\",\"breadcrumb\":{\"@id\":\"https:\\\/\\\/royalfamily.org\\\/lat\\\/krunsko-vece\\\/dusica-lecic-tosevski\\\/#breadcrumb\"},\"inLanguage\":\"sr-LT\",\"potentialAction\":[{\"@type\":\"ReadAction\",\"target\":[\"https:\\\/\\\/royalfamily.org\\\/lat\\\/krunsko-vece\\\/dusica-lecic-tosevski\\\/\"]}]},{\"@type\":\"BreadcrumbList\",\"@id\":\"https:\\\/\\\/royalfamily.org\\\/lat\\\/krunsko-vece\\\/dusica-lecic-tosevski\\\/#breadcrumb\",\"itemListElement\":[{\"@type\":\"ListItem\",\"position\":1,\"name\":\"Home\",\"item\":\"https:\\\/\\\/royalfamily.org\\\/lat\\\/\"},{\"@type\":\"ListItem\",\"position\":2,\"name\":\"Krunsko ve\u0107e\",\"item\":\"https:\\\/\\\/royalfamily.org\\\/lat\\\/krunsko-vece\\\/\"},{\"@type\":\"ListItem\",\"position\":3,\"name\":\"Du\u0161ica Le\u010di\u0107 To\u0161evski\"}]},{\"@type\":\"WebSite\",\"@id\":\"https:\\\/\\\/royalfamily.org\\\/#website\",\"url\":\"https:\\\/\\\/royalfamily.org\\\/\",\"name\":\"The Royal Family of Serbia\",\"description\":\"From the people, for the people\",\"publisher\":{\"@id\":\"https:\\\/\\\/royalfamily.org\\\/#organization\"},\"potentialAction\":[{\"@type\":\"SearchAction\",\"target\":{\"@type\":\"EntryPoint\",\"urlTemplate\":\"https:\\\/\\\/royalfamily.org\\\/?s={search_term_string}\"},\"query-input\":{\"@type\":\"PropertyValueSpecification\",\"valueRequired\":true,\"valueName\":\"search_term_string\"}}],\"inLanguage\":\"sr-LT\"},{\"@type\":\"Organization\",\"@id\":\"https:\\\/\\\/royalfamily.org\\\/#organization\",\"name\":\"Royal Family\",\"url\":\"https:\\\/\\\/royalfamily.org\\\/\",\"logo\":{\"@type\":\"ImageObject\",\"inLanguage\":\"sr-LT\",\"@id\":\"https:\\\/\\\/royalfamily.org\\\/#\\\/schema\\\/logo\\\/image\\\/\",\"url\":\"https:\\\/\\\/royalfamily.org\\\/wp-content\\\/uploads\\\/2019\\\/04\\\/logo-vector-02-V-latinica.png\",\"contentUrl\":\"https:\\\/\\\/royalfamily.org\\\/wp-content\\\/uploads\\\/2019\\\/04\\\/logo-vector-02-V-latinica.png\",\"width\":552,\"height\":99,\"caption\":\"Royal Family\"},\"image\":{\"@id\":\"https:\\\/\\\/royalfamily.org\\\/#\\\/schema\\\/logo\\\/image\\\/\"},\"sameAs\":[\"https:\\\/\\\/www.facebook.com\\\/Prestolonaslednik.Aleksandar\"]}]}<\/script>\n<!-- \/ Yoast SEO Premium plugin. -->","yoast_head_json":{"title":"Du\u0161ica Le\u010di\u0107 To\u0161evski - The Royal Family of Serbia","robots":{"index":"index","follow":"follow","max-snippet":"max-snippet:-1","max-image-preview":"max-image-preview:large","max-video-preview":"max-video-preview:-1"},"canonical":"https:\/\/royalfamily.org\/lat\/krunsko-vece\/dusica-lecic-tosevski\/","og_locale":"en_US","og_type":"article","og_title":"Du\u0161ica Le\u010di\u0107 To\u0161evski","og_url":"https:\/\/royalfamily.org\/lat\/krunsko-vece\/dusica-lecic-tosevski\/","og_site_name":"The Royal Family of Serbia","article_publisher":"https:\/\/www.facebook.com\/Prestolonaslednik.Aleksandar","article_modified_time":"2024-06-11T13:18:07+00:00","twitter_card":"summary_large_image","twitter_misc":{"Est. reading time":"2 minutes"},"schema":{"@context":"https:\/\/schema.org","@graph":[{"@type":"WebPage","@id":"https:\/\/royalfamily.org\/lat\/krunsko-vece\/dusica-lecic-tosevski\/","url":"https:\/\/royalfamily.org\/lat\/krunsko-vece\/dusica-lecic-tosevski\/","name":"Du\u0161ica Le\u010di\u0107 To\u0161evski - The Royal Family of Serbia","isPartOf":{"@id":"https:\/\/royalfamily.org\/#website"},"datePublished":"2024-06-11T13:11:51+00:00","dateModified":"2024-06-11T13:18:07+00:00","breadcrumb":{"@id":"https:\/\/royalfamily.org\/lat\/krunsko-vece\/dusica-lecic-tosevski\/#breadcrumb"},"inLanguage":"sr-LT","potentialAction":[{"@type":"ReadAction","target":["https:\/\/royalfamily.org\/lat\/krunsko-vece\/dusica-lecic-tosevski\/"]}]},{"@type":"BreadcrumbList","@id":"https:\/\/royalfamily.org\/lat\/krunsko-vece\/dusica-lecic-tosevski\/#breadcrumb","itemListElement":[{"@type":"ListItem","position":1,"name":"Home","item":"https:\/\/royalfamily.org\/lat\/"},{"@type":"ListItem","position":2,"name":"Krunsko ve\u0107e","item":"https:\/\/royalfamily.org\/lat\/krunsko-vece\/"},{"@type":"ListItem","position":3,"name":"Du\u0161ica Le\u010di\u0107 To\u0161evski"}]},{"@type":"WebSite","@id":"https:\/\/royalfamily.org\/#website","url":"https:\/\/royalfamily.org\/","name":"The Royal Family of Serbia","description":"From the people, for the people","publisher":{"@id":"https:\/\/royalfamily.org\/#organization"},"potentialAction":[{"@type":"SearchAction","target":{"@type":"EntryPoint","urlTemplate":"https:\/\/royalfamily.org\/?s={search_term_string}"},"query-input":{"@type":"PropertyValueSpecification","valueRequired":true,"valueName":"search_term_string"}}],"inLanguage":"sr-LT"},{"@type":"Organization","@id":"https:\/\/royalfamily.org\/#organization","name":"Royal Family","url":"https:\/\/royalfamily.org\/","logo":{"@type":"ImageObject","inLanguage":"sr-LT","@id":"https:\/\/royalfamily.org\/#\/schema\/logo\/image\/","url":"https:\/\/royalfamily.org\/wp-content\/uploads\/2019\/04\/logo-vector-02-V-latinica.png","contentUrl":"https:\/\/royalfamily.org\/wp-content\/uploads\/2019\/04\/logo-vector-02-V-latinica.png","width":552,"height":99,"caption":"Royal Family"},"image":{"@id":"https:\/\/royalfamily.org\/#\/schema\/logo\/image\/"},"sameAs":["https:\/\/www.facebook.com\/Prestolonaslednik.Aleksandar"]}]}},"_links":{"self":[{"href":"https:\/\/royalfamily.org\/lat\/wp-json\/wp\/v2\/pages\/90385","targetHints":{"allow":["GET"]}}],"collection":[{"href":"https:\/\/royalfamily.org\/lat\/wp-json\/wp\/v2\/pages"}],"about":[{"href":"https:\/\/royalfamily.org\/lat\/wp-json\/wp\/v2\/types\/page"}],"author":[{"embeddable":true,"href":"https:\/\/royalfamily.org\/lat\/wp-json\/wp\/v2\/users\/1001015"}],"replies":[{"embeddable":true,"href":"https:\/\/royalfamily.org\/lat\/wp-json\/wp\/v2\/comments?post=90385"}],"version-history":[{"count":5,"href":"https:\/\/royalfamily.org\/lat\/wp-json\/wp\/v2\/pages\/90385\/revisions"}],"predecessor-version":[{"id":90389,"href":"https:\/\/royalfamily.org\/lat\/wp-json\/wp\/v2\/pages\/90385\/revisions\/90389"}],"up":[{"embeddable":true,"href":"https:\/\/royalfamily.org\/lat\/wp-json\/wp\/v2\/pages\/1065"}],"wp:attachment":[{"href":"https:\/\/royalfamily.org\/lat\/wp-json\/wp\/v2\/media?parent=90385"}],"curies":[{"name":"wp","href":"https:\/\/api.w.org\/{rel}","templated":true}]}}